, -n + 51 = 2*v - 0*n. Suppose -3*c = -205 - v. List the prime factors of c.
7, 11
Let l(k) = k**2 + 4*k + 7. Let i be l(-2). Suppose -5*j = 2*m + m, -3*m = -3*j. Suppose -3*s + 4*r + r = -99, m = i*s + r - 81. What are the prime factors of s?
2, 7
Let i = -28 - -22. Let t(g) = -7*g - 1. What are the prime factors of t(i)?
41
Suppose -3*y + 6*y = 21. Let i(s) = 2*s**2 - s + 1. Let w be i(y). List the prime factors of -5*1/((-20)/w).
23
Let s(l) = -3*l**2 - 2 - 2*l + 3*l + 5*l**2. Let z = -15 + 11. What are the prime factors of s(z)?
2, 13
Let k(c) = 3*c - 2. Let y be k(2). What are the prime factors of (-2)/(5/((-10)/y))*125?
5
Let o(i) = 17*i**2 + 93*i - 21. List the prime factors of o(-13).
31, 53
Let m(j) = -j**2 + 9*j - 6. Suppose 1 = 3*i - 17. What are the prime factors of m(i)?
2, 3
Let a be 4820/(-180) - (-4)/(-18). Let o = 44 + a. What are the prime factors of o?
17
Suppose 0*x = -5*x + 35. Suppose -5*w = -x*w + 12. Let z = 70 - w. List the prime factors of z.
2
Let k(g) = 2*g**2 + 6*g - 294. What are the prime factors of k(35)?
2, 7, 13
Let h = -259 + 696. What are the prime factors of h?
19, 23
Let t = -21 + 22. Let x be (-5 - t)*14/4. Let h = x + 48. What are the prime factors of h?
3
What are the prime factors of (2005/(-15))/(1/(-3)*1)?
401
Let j = 1657 - 534. What are the prime factors of j?
1123
Let w be 129/2*(-6)/9. Let y = w + 11. Let a = -11 - y. What are the prime factors of a?
3, 7
Let q = 1632 - 1001. What are the prime factors of q?
631
Let i(j) = 21*j - 4. Let b(h) = 20*h - 3. Let k = -22 - -15. Let l(g) = k*b(g) + 6*i(g). What are the prime factors of l(-2)?
5
What are the prime factors of (0 + 1)/2*902/11?
41
Let b(u) = 1137*u**2 + 28*u - 4. What are the prime factors of b(-2)?
2, 3, 11, 17
Let j be 279/15 - 6/10. Let p = j - -62. What are the prime factors of p?
2, 5
Suppose 105*r = 99*r + 132. Suppose -r = -5*t + 128. What are the prime factors of t?
2, 3, 5
Let y(z) = 17*z + 6. Suppose -3*d - 14 = -5. Let b be y(d). Let t = -13 - b. What are the prime factors of t?
2
Suppose 10 = 5*j - 5. Let q be 4/(-6) - (-47)/j. Suppose 3*w = 3, 0*o + 5*w = -2*o + q. What are the prime factors of o?
5
Let w(y) = -302*y + 43. What are the prime factors of w(-3)?
13, 73
Let u(j) = -j**2 - 23*j + 13. Let a = 14 + -32. List the prime factors of u(a).
103
Let c = 4 + 309. What are the prime factors of c?
313
Let b = 449 - 246. List the prime factors of b.
7, 29
What are the prime factors of ((-568)/10)/((-16)/40)?
2, 71
Let o = 262 - 115. What are the prime factors of o?
3, 7
Let n(t) = -t**2 - t + 5. Let j be n(-3). What are the prime factors of (19/(-3))/(j/3)?
19
Let l = -61 - -105. Suppose c + 2 = l. What are the prime factors of (3 + 3)/2 + c?
3, 5
Let k(m) = -m**2 + m + 5. Let j be k(0). Suppose 2*r - j*r = -222. What are the prime factors of r?
2, 37
Suppose -b - 5*w = -490 - 423, 4*w = 5*b - 4507. What are the prime factors of b?
3, 7, 43
Let l(u) = -u**2 + 0*u + 2 + u + 2. Let w be l(0). Suppose -5*k - 4*t + 173 = 0, 134 - 4 = w*k - t. What are the prime factors of k?
3, 11
Let u(p) = -p**3 + 14*p**2 - 12*p - 23. Let z be u(13). Let y(q) = q**2 + 28. List the prime factors of y(z).
2
Let r(y) be the first derivative of y**3/3 + y - 28. Let l = 5 - 2. List the prime factors of r(l).
2, 5
Let z(n) = -n**3 - n**2 - 4*n - 3. Let q(c) = -c**2. Let k(s) = q(s) + z(s). List the prime factors of k(-4).
3, 5
Suppose -7*s = -2135 + 749. What are the prime factors of s?
2, 3, 11
Let i = 28 - 28. Suppose i*p - 250 = -5*p. List the prime factors of p.
2, 5
Suppose 0 = 5*i - 3*x + 2*x - 1443, -3*x = -i + 283. Let t = -199 + i. Let j = -49 + t. List the prime factors of j.
41
Suppose -4*z = -4, -750 = -3*o + 3*z + 1491. List the prime factors of o.
2, 11, 17
List the prime factors of (-12972)/(-54) + (-3 - 75/(-27)).
2, 3, 5
Let v(p) = -p - 1. Let z(d) = d**2 - 18*d - 10. Let b(t) = -6*v(t) + z(t). Suppose -4*j = -4*x + 51 + 21, 0 = -4*x - j + 62. List the prime factors of b(x).
2, 3, 5
Let n be -3*4/3 + 10. Suppose -3*x - 66 = -g, -2*x + n = x. Suppose -g = 3*q - 6*q. List the prime factors of q.
2, 3
Let g(s) = s - 1. Let i be g(6). Suppose i*h - 185 = -4*j - j, 2*j = h + 86. List the prime factors of j.
41
Let n(b) = 6*b**3 - b**2 - b + 1. Let o be n(1). Suppose -o = -4*y + 11. Suppose -4*d + 3*d - 103 = -5*z, 4*z = y*d + 76. List the prime factors of z.
3, 7
Let x be 826/(-10) + (-27)/(-45). Let d = x + 145. Suppose 5*v - 114 = -3*s + d, -3*v + 5*s = -79. List the prime factors of v.
3, 11
Suppose -3*h = -4 - 5. Suppose 6*r + 3*w = 2*r + 266, -h*w + 334 = 5*r. List the prime factors of r.
2, 17
Suppose 0 = 3*m - 3*w - 1365, -4*w + 1768 = 3*m + 403. What are the prime factors of m?
5, 7, 13
Suppose -10*w = 78 - 248. Let x be (2 - 0)*(-30)/4. Let l = x + w. List the prime factors of l.
2
Suppose 0 = -2*x - 6*l + 11*l + 1880, 0 = 3*l. What are the prime factors of x?
2, 5, 47
Let d = 2 + -6. Let p be (-2 - d)*(-50)/(-4). Suppose p = 7*q - 6*q. What are the prime factors of q?
5
Let k be 298/6 + 6/18. Suppose 68 - k = h. What are the prime factors of h?
2, 3
Suppose 4*q + 5*p = 343, 0 = 4*q - q - 4*p - 234. List the prime factors of q.
2, 41
Let w(k) = -k**2 + 6*k - 5. Let n be w(4). Suppose r = n*r - 52. Suppose -80 = -2*h - r. What are the prime factors of h?
3
Suppose -2*c = 3*j - 472, 4*j - j - 464 = 2*c. Let k = j + -89. List the prime factors of k.
67
Suppose i + 1448 = 5*i. What are the prime factors of i?
2, 181
Suppose -1132 = 6*w - 6292. What are the prime factors of w?
2, 5, 43
Suppose 11*r - 10 = 9*r. Suppose r*y - 22 = 2*t + 15, 0 = 2*y - 2*t - 16. Suppose -y = -3*a + 5*g - g, 0 = -3*a - 3*g + 42. List the prime factors of a.
3
Let w(f) = 2*f**3 - 18*f**2 - 5*f - 16. List the prime factors of w(13).
31, 41
Let f = 10 + -6. Suppose 2*y + 110 = f*y. List the prime factors of y.
5, 11
Let d = 226 + 127. What are the prime factors of d?
353
Let t be (16 + -10)*(-1)/(-2). Suppose -t*o + 328 = o. List the prime factors of o.
2, 41
Let s = 18 - 35. Let z = s + 46. List the prime factors of z.
29
Let i = 33 - -109. List the prime factors of i.
2, 71
Let g be (9 - 3 - 6)/(0 - -1). Suppose -16*i + 13*i + 399 = g. List the prime factors of i.
7, 19
Suppose c - 5 = 0, 2*o - 3*o + 36 = 4*c. Suppose -k + 5*z = -5, -2*z - o = -k + 4. Suppose 0 = 5*n - 5*s - k, 2*n - 5*s - 16 = -1. List the prime factors of n.
5
Let m(v) = -11*v - 9 - 2*v**2 + 4*v**2 + v**2 - 8. List the prime factors of m(7).
53
What are the prime factors of (-2 - 15116/(-14)) + 84/294?
2, 7, 11
Suppose -603*h + 7056 = -597*h. List the prime factors of h.
2, 3, 7
Let k = 6 + -4. Suppose -5*q + 5 + 4 = 2*x, -4*x - 18 = -k*q. Suppose 3*o - 57 = y + q*y, y = 0. List the prime factors of o.
19
Let q = 0 - -6. Let x be (q - 9)*(-2)/6. Suppose -5*i - 3 = -a + x, -2*a = i - 8. List the prime factors of a.
2
Suppose -m = 16*b - 17*b - 2120, -3*m = -5*b - 6360. What are the prime factors of m?
2, 5, 53
List the prime factors of 225/10*(-32)/(-10).
2, 3
Suppose 16*u = 11776 + 20448. What are the prime factors of u?
2, 19, 53
Let d be 1/(-3) + ((-1)/(-3) - -3). Suppose -76 = -d*j - j. What are the prime factors of j?
19
Let c(r) = 2*r**3 - 3*r + 2. Let x be c(2). What are the prime factors of (3 + (-20)/x)/(4/534)?
2, 89
Suppose 5*q = 2*v - 5489, 0 = -3*v + 2*q + 4260 + 3979. What are the prime factors of v?
41, 67
Let w = -222 + -360. What are the prime factors of (112/(-21) + 6)*w/(-2)?
2, 97
Suppose -46 = n + 5*w, -2*n + w - 48 = -0*n. Let h = n + -18. Let x = -24 - h. What are the prime factors of x?
2, 5
Suppose -6*j = -5*w - 5*j + 35, -2*w + 5*j + 37 = 0. What are the prime factors of 335*8/14 - w/14?
191
Let l = -96 - -96. Suppose l = 5*s - 1150 + 310. What are the prime factors of s?
2, 3, 7
Suppose -t + 5 = 0, 3*t + 216 = -3*r + 1035. List the prime factors of r.
2, 67
List the prime factors of ((-2)/(-4))/(2/(-93220)*-5).
59, 79
List the prime factors of (-71822)/(-30) - 13/195.
2, 3, 7, 19
Suppose -3*x - d = -0*x - 254, -4*x + 357 = 5*d. Let q = 4 + x. What are the prime factors of q?
3, 29
Suppose 3*u = 3*j + 33, j + 0*u + u + 9 = 0. Let b(x) = x**2 + 11*x + 15. Let d be b(j). Suppose 50 = -3*z + d*z. What are the prime factors of z?
5
Let l be (15/9 - 1)*-3. Let i be 